{"id":960,"date":"2017-07-28T15:04:49","date_gmt":"2017-07-28T15:04:49","guid":{"rendered":"http:\/\/appetito.mikado-themes.com\/?page_id=960"},"modified":"2025-11-13T23:42:14","modified_gmt":"2025-11-13T23:42:14","slug":"rutas-de-reparto","status":"publish","type":"page","link":"https:\/\/surandesseafood.cl\/index.php\/rutas-de-reparto\/","title":{"rendered":"Rutas de Reparto"},"content":{"rendered":"<section class=\"wpb-content-wrapper\"><p>[vc_row css=\u00bb.vc_custom_1505819790664{padding-top: 182px !important;}\u00bb][vc_column][vc_single_image image=\u00bb705&#8243; img_size=\u00bbfull\u00bb alignment=\u00bbcenter\u00bb][\/vc_column][\/vc_row][vc_row row_content_width=\u00bbgrid\u00bb content_text_aligment=\u00bbcenter\u00bb css=\u00bb.vc_custom_1761609888462{padding-bottom: 20px !important;}\u00bb][vc_column css=\u00bb.vc_custom_1501229559545{margin-top: -235px !important;}\u00bb]<div class=\"mkd-section-title-holder  mkd-title-custom  mkd-st-text-position-center\" style=\"text-align: center\">\n        <div class=\"mkd-section-title-inner\">\n                    <h5 class=\"mkd-st-subtitle\" style=\"color: #7f7f7f\">\n                <span>en la 5\u00aa Regi\u00f3n<\/span>\n            <\/h5>\n                            <h2 class=\"mkd-st-title mkd-title-center\" >\n                <span>RUTAS DE REPARTO<\/span>\n            <\/h2>\n                    <\/div>\n<\/div>[\/vc_column][\/vc_row][vc_row][vc_column][vc_column_text]<\/p>\n<h4 style=\"text-align: center;\">RUTA PLAN:<\/h4>\n<p style=\"text-align: center;\">Vi\u00f1a del Mar. Valpara\u00edso, Re\u00f1aca, Conc\u00f3n<\/p>\n<h4 style=\"text-align: center;\">RUTA COSTA SUR:<\/h4>\n<p style=\"text-align: center;\">Tunquen. Algarrobo, El Quisco, Isla Negra, San Antonio, Santo Domingo<\/p>\n<h4 style=\"text-align: center;\">RUTA COSTA NORTE:<\/h4>\n<p style=\"text-align: center;\">Puchuncav\u00ed, Maitencillo, Cachagua, Zapallar, Papudo<\/p>\n<h4 style=\"text-align: center;\">RUTA INTERIOR:<\/h4>\n<p style=\"text-align: center;\">Quilpu\u00e9, VIlla Alemana, Limache, Olmu\u00e9<\/p>\n<h4 style=\"text-align: center;\">RUTA INTERIOR 2:<\/h4>\n<p style=\"text-align: center;\">Quillota, Llay Llay, San Felipe, Los Andes<\/p>\n<p>[\/vc_column_text][vc_empty_space height=\u00bb50px\u00bb][\/vc_column][\/vc_row]<\/p>\n<\/section>","protected":false},"excerpt":{"rendered":"<p>[vc_row css=\u00bb.vc_custom_1505819790664{padding-top: 182px !important;}\u00bb][vc_column][vc_single_image image=\u00bb705&#8243; img_size=\u00bbfull\u00bb alignment=\u00bbcenter\u00bb][\/vc_column][\/vc_row][vc_row row_content_width=\u00bbgrid\u00bb content_text_aligment=\u00bbcenter\u00bb css=\u00bb.vc_custom_1761609888462{padding-bottom: 20px !important;}\u00bb][vc_column css=\u00bb.vc_custom_1501229559545{margin-top: -235px !important;}\u00bb][\/vc_column][\/vc_row][vc_row][vc_column][vc_column_text] RUTA PLAN: Vi\u00f1a del Mar. Valpara\u00edso, Re\u00f1aca, Conc\u00f3n RUTA COSTA SUR: Tunquen. Algarrobo, El Quisco, Isla Negra, San Antonio, Santo Domingo RUTA COSTA NORTE: Puchuncav\u00ed, Maitencillo, Cachagua, Zapallar, Papudo RUTA INTERIOR: Quilpu\u00e9, VIlla Alemana, Limache, Olmu\u00e9 RUTA INTERIOR 2: Quillota, Llay Llay, San Felipe, Los [&hellip;]<\/p>\n","protected":false},"author":1,"featured_media":0,"parent":0,"menu_order":0,"comment_status":"closed","ping_status":"closed","template":"full-width.php","meta":{"footnotes":""},"class_list":["post-960","page","type-page","status-publish","hentry"],"_links":{"self":[{"href":"https:\/\/surandesseafood.cl\/index.php\/wp-json\/wp\/v2\/pages\/960","targetHints":{"allow":["GET"]}}],"collection":[{"href":"https:\/\/surandesseafood.cl\/index.php\/wp-json\/wp\/v2\/pages"}],"about":[{"href":"https:\/\/surandesseafood.cl\/index.php\/wp-json\/wp\/v2\/types\/page"}],"author":[{"embeddable":true,"href":"https:\/\/surandesseafood.cl\/index.php\/wp-json\/wp\/v2\/users\/1"}],"replies":[{"embeddable":true,"href":"https:\/\/surandesseafood.cl\/index.php\/wp-json\/wp\/v2\/comments?post=960"}],"version-history":[{"count":9,"href":"https:\/\/surandesseafood.cl\/index.php\/wp-json\/wp\/v2\/pages\/960\/revisions"}],"predecessor-version":[{"id":9409,"href":"https:\/\/surandesseafood.cl\/index.php\/wp-json\/wp\/v2\/pages\/960\/revisions\/9409"}],"wp:attachment":[{"href":"https:\/\/surandesseafood.cl\/index.php\/wp-json\/wp\/v2\/media?parent=960"}],"curies":[{"name":"wp","href":"https:\/\/api.w.org\/{rel}","templated":true}]}}